28?
True
Does 13 divide 3953096589?
True
Is 275 a factor of 352601975?
True
Is 1382150 a multiple of 770?
True
Is 1278118468 a multiple of 341?
True
Is 637939240 a multiple of 334?
False
Is 260206804 a multiple of 128?
False
Does 189 divide 5028366?
False
Does 501 divide 27069663?
False
Is 8863350 a multiple of 185?
True
Does 702 divide 39330954?
True
Is 429153550 a multiple of 805?
True
Is 454 a factor of 24804744?
True
Is 18813487 a multiple of 511?
True
Is 2189 a factor of 9797887?
False
Does 8 divide 265428520?
True
Is 14915032 a multiple of 988?
False
Is 60224703 a multiple of 124?
False
Does 11 divide 720340555?
True
Is 467 a factor of 102590093?
True
Is 186829966 a multiple of 782?
True
Does 163 divide 441831549?
True
Does 12 divide 365860464?
True
Does 3 divide 139984026?
True
Does 56 divide 45487848?
True
Is 58377844 a multiple of 12?
False
Is 38085893 a multiple of 289?
False
Is 761003602 a multiple of 430?
False
Is 28705101 a multiple of 108?
False
Is 271 a factor of 529826739?
False
Does 22 divide 86764630?
False
Is 81413761 a multiple of 143?
True
Does 38 divide 7870055?
False
Is 23 a factor of 108980693?
True
Does 175 divide 231741141?
False
Does 3539 divide 532900640?
False
Is 1139 a factor of 25376920?
True
Is 70 a factor of 579044317?
False
Is 1101 a factor of 582348313?
False
Is 6739524 a multiple of 62?
True
Is 1347111 a multiple of 634?
False
Is 1613 a factor of 3522545211?
True
Does 21 divide 348846624?
True
Is 3681 a factor of 3715767045?
True
Is 885 a factor of 324915599?
False
Is 59508774 a multiple of 69?
True
Is 22 a factor of 705632192?
False
Is 821 a factor of 1501398824?
True
Does 1800 divide 166506852?
False
Does 2285 divide 355006740?
True
Is 15 a factor of 35205615?
True
Is 375 a factor of 143789350?
False
Does 35 divide 11707815?
True
Is 1177 a factor of 213351383?
False
Is 1255 a factor of 46063520?
True
Does 240 divide 51214080?
True
Is 4623311 a multiple of 97?
True
Is 29 a factor of 7027222?
True
Is 798627084 a multiple of 4659?
False
Does 34 divide 806679883?
False
Is 7132 a factor of 129952172?
True
Is 259 a factor of 2195802?
True
Is 32 a factor of 14780781?
False
Does 16 divide 1265997520?
True
Is 29280885 a multiple of 15?
True
Is 12 a factor of 1194820564?
False
Is 1606739759 a multiple of 43?
False
Does 1731 divide 333095974?
False
Does 51 divide 65334701?
False
Is 31 a factor of 201618832?
False
Is 84 a factor of 8769689?
False
Does 192 divide 32079936?
True
Does 424 divide 18500392?
True
Is 26 a factor of 10340486?
True
Does 17 divide 28100568?
False
Does 189 divide 62129970?
True
Does 141 divide 20166335?
False
Does 1769 divide 31393802?
False
Does 9 divide 126890829?
True
Is 584 a factor of 1122664664?
True
Is 82 a factor of 120428562?
True
Is 254 a factor of 162617404?
True
Is 24 a factor of 634126944?
True
Is 5766417 a multiple of 867?
True
Is 47 a factor of 1205324932?
False
Does 37 divide 18222981?
True
Is 62556348 a multiple of 12?
True
Is 15342250 a multiple of 154?
True
Is 7 a factor of 152911383?
False
Is 9198534 a multiple of 1731?
True
Does 244 divide 25971116?
True
Does 11 divide 202123558?
False
Does 1250 divide 2488534?
False
Is 1952007783 a multiple of 13?
False
Is 3353581 a multiple of 17?
False
Is 68 a factor of 58792120?
True
Is 51185904 a multiple of 12?
True
Is 1568047072 a multiple of 32?
True
Is 2751 a factor of 492932433?
True
Is 61092969 a multiple of 1917?
False
Does 122 divide 154706589?
False
Is 44 a factor of 25572184?
True
Is 447 a factor of 454671861?
True
Does 4662 divide 189389088?
True
Does 3756 divide 1415508696?
True
Is 50 a factor of 176478?
False
Is 35960922 a multiple of 18?
True
Is 262410528 a multiple of 717?
True
Does 96 divide 2687769344?
False
Does 722 divide 68988544?
True
Is 76 a factor of 6147612716?
True
Does 1167 divide 363400299?
True
Is 39 a factor of 3288246?
True
Is 550 a factor of 771248353?
False
Is 79 a factor of 5993179370?
True
Is 499 a factor of 59640772?
False
Is 1187 a factor of 2789637?
False
Is 131341386 a multiple of 66?
True
Is 15 a factor of 242232714?
False
Does 6 divide 2779566?
True
Is 1327240265 a multiple of 38?
False
Does 1540 divide 8225140?
True
Does 72 divide 5939352?
True
Does 128 divide 696337?
False
Is 74999836 a multiple of 16?
False
Does 2507 divide 946803648?
True
Does 2 divide 2188308?
True
Is 1776356010 a multiple of 10166?
True
Does 68 divide 60147972?
True
Does 11 divide 204250893?
True
Is 5276334 a multiple of 5?
False
Is 3710 a factor of 1353942240?
True
Is 2 a factor of 615491?
False
Is 197064886 a multiple of 983?
False
Is 22208276 a multiple of 62?
True
Does 18 divide 132332513?
False
Is 419065812 a multiple of 558?
True
Does 9 divide 449370819?
True
Is 2644 a factor of 23206388?
True
Is 4886229 a multiple of 53?
True
Does 13 divide 118026199?
False
Is 910416672 a multiple of 999?
True
Is 36 a factor of 461168833?
False
Does 103 divide 225216382?
False
Is 6587 a factor of 655417396?
False
Is 16936 a factor of 6448585232?
True
Does 2075 divide 1089775406?
False
Is 59 a factor of 233359278?
True
Is 37508913 a multiple of 199?
True
Does 381 divide 104188040?
False
Is 142086965 a multiple of 4173?
False
Does 433 divide 47209001?
False
Is 1235 a factor of 44143840?
True
Is 100 a factor of 3768902600?
True
Is 1741867779 a multiple of 819?
False
Does 1757 divide 758196453?
True
Is 157544475 a multiple of 473?
True
Is 6460 a factor of 1825395427?
False
Does 62 divide 175304504?
True
Is 14488844 a multiple of 277?
False
Is 2962461203 a multiple of 23?
True
Is 20213631 a multiple of 61?
True
Is 3710198848 a multiple of 2281?
False
Is 4406 a factor of 166886062?
True
Is 2348750 a multiple of 50?
True
Is 9 a factor of 469344132?
True
Does 768 divide 78874713?
False
Does 12 divide 256144059?
False
Is 16315617 a multiple of 11?
False
Is 243 a factor of 8966040?
False
Is 57 a factor of 21205425?
True
Does 10 divide 375826690?
True
Does 2 divide 100458481?
False
Is 315 a factor of 164623239?
False
Does 9 divide 273182352?
False
Does 218 divide 295325254?
True
Is 590781719 a multiple of 20?
False
Is 4567 a factor of 2345465056?
True
Does 5 divide 13636902?
False
Does 154 divide 1478018850?
True
Does 888 divide 12779520?
False
Is 1746240116 a multiple of 239?
True
Does 22 divide 330054166?
False
Is 2088411737 a multiple of 374?
False
Is 3929168300 a multiple of 100?
True
Does 17 divide 1608847030?
False
Is 155 a factor of 4299479?
False
Does 3334 divide 484793606?
True
Does 7 divide 3907764?
True
Is 27858303 a multiple of 99?
True
Is 2398734 a multiple of 39?
True
Is 87108735 a multiple of 7?
True
Does 655 divide 197441890?
True
Is 111 a factor of 1160833893?
True
Is 623321712 a multiple of 2139?
True
Is 161716148 a multiple of 1407?
False
Is 170698249 a multiple of 1447?
True
Does 7 divide 42865398?
False
Is 74 a factor of 591961022?
False
Is 156094287 a multiple of 9?
False
Is 95 a factor of 419407045?
True
Is 517 a factor of 1035438678?
False
Is 768 a factor of 345802752?
True
Is 231 a factor of 219753534?
True
Does 6 divide 19772?
False
Is 15 a factor of 70840275?
True
Is 60569509 a multiple of 1729?
False
Is 83616141 a multiple of 4895?
False
Does 309 divide 118867356?
True
Does 141 divide 63517591?
False
Is 73688595 a multiple of 37?
False
Is 1382 a factor of 249478640?
True
Is 31289040 a multiple of 12?
True
Does 19 divide 38908174?
False
Is 363549820 a multiple of 710?
True
Is 7115038 a multiple of 2?
True
Is 10 a factor of 697023950?
True
Is 24389460 a multiple of 7?
False
Does 269 divide 42522245?
False
Is 68682765 a multiple of 3?
True
Is 2181 a factor of 187282026?
False
Does 8 divide 3548815?
False
Does 1629 divide 33184641?
False
Is 697856920 a multiple of 121?
False
Is 1642029872 a multiple of 56?
True
Does 4 divide 526404?
True
Is 55 a factor of 926139253?
False
Is 10 a factor of 1293059180?
True
Does 3 divide 31809316?
False
Is 800988291 a multiple of 44?
False
Is 15 a factor of 4332096030?
True
Is 347 a factor of 98778061?
True
Does 66 divide 302007552?
True
Does 1305 divide 843067791?
False
Does 6 divide 313474?
False
Is 118 a factor of 159865220?
True
Does 2524 divide 381434452?
True
Is 11 a factor of 80502136?
True
Does 23 divide 2382432?
True
Is 30347778 a multiple of 60?
False
Is 7030841 a multiple o